{"id":75540,"date":"2026-04-01T03:39:42","date_gmt":"2026-04-01T01:39:42","guid":{"rendered":"https:\/\/www.steevejosch.com\/?page_id=75540"},"modified":"2026-04-08T03:31:57","modified_gmt":"2026-04-08T01:31:57","slug":"tarifs-grossesse","status":"publish","type":"page","link":"https:\/\/www.steevejosch.com\/index.php\/tarifs-grossesse\/","title":{"rendered":"Tarifs shooting grossesse et naissance"},"content":{"rendered":"<div id=\"dslc-theme-content\"><div id=\"dslc-theme-content-inner\">\n\n<figure data-animation-delay=\"0\" data-animation-duration=\"1\" itemscope itemtype=\"https:\/\/schema.org\/ImageObject\">\n\t\t\t\t<a href=\"https:\/\/www.steevejosch.com\/wp-content\/uploads\/2026\/04\/MG_8972-1.jpg\"  target=\"_self\" itemprop=\"url\">\n\t\t\t\t<img decoding=\"async\" src=\"https:\/\/www.steevejosch.com\/wp-content\/uploads\/2026\/04\/MG_8972-1.jpg\" alt=\"_MG_8972 1\" height=\"2016\" width=\"1344\" title=\"_MG_8972 1\" onerror=\"this.style.display='none'\" loading=\"lazy\" \/>\n\t\t\t\t<\/a>\n\t<\/figure>\n<figure data-animation-delay=\"0\" data-animation-duration=\"1\" itemscope itemtype=\"https:\/\/schema.org\/ImageObject\">\n\t\t\t\t<a href=\"https:\/\/www.steevejosch.com\/wp-content\/uploads\/2026\/04\/MG_5032.jpg\"  target=\"_self\" itemprop=\"url\">\n\t\t\t\t<img decoding=\"async\" src=\"https:\/\/www.steevejosch.com\/wp-content\/uploads\/2026\/04\/MG_5032.jpg\" alt=\"_MG_5032\" height=\"2483\" width=\"2483\" title=\"_MG_5032\" onerror=\"this.style.display='none'\" loading=\"lazy\" \/>\n\t\t\t\t<\/a>\n\t<\/figure>\n<figure data-animation-delay=\"0\" data-animation-duration=\"1\" itemscope itemtype=\"https:\/\/schema.org\/ImageObject\">\n\t\t\t\t<a href=\"https:\/\/www.steevejosch.com\/wp-content\/uploads\/2026\/04\/IMG_4523-copie.jpg\"  target=\"_self\" itemprop=\"url\">\n\t\t\t\t<img decoding=\"async\" src=\"https:\/\/www.steevejosch.com\/wp-content\/uploads\/2026\/04\/IMG_4523-copie.jpg\" alt=\"IMG_4523 copie\" height=\"1344\" width=\"2016\" title=\"IMG_4523 copie\" onerror=\"this.style.display='none'\" loading=\"lazy\" \/>\n\t\t\t\t<\/a>\n\t<\/figure>\n<figure data-animation-delay=\"0\" data-animation-duration=\"1\" itemscope itemtype=\"https:\/\/schema.org\/ImageObject\">\n\t\t\t\t<a href=\"https:\/\/www.steevejosch.com\/wp-content\/uploads\/2026\/04\/Capture-decran-2026-04-06-020314.png\"  target=\"_self\" itemprop=\"url\">\n\t\t\t\t<img decoding=\"async\" src=\"http:\/\/www.steevejosch.com\/wp-content\/uploads\/2026\/04\/Capture-decran-2026-04-06-020314.png\" alt=\"Capture d&#039;\u00e9cran 2026-04-06 020314\" title=\"Capture d&#039;\u00e9cran 2026-04-06 020314\" onerror=\"this.style.display='none'\" loading=\"lazy\" \/>\n\t\t\t\t<\/a>\n\t<\/figure>\n<figure data-animation-delay=\"0\" data-animation-duration=\"1\" itemscope itemtype=\"https:\/\/schema.org\/ImageObject\">\n\t\t\t\t<a href=\"https:\/\/www.steevejosch.com\/wp-content\/uploads\/2026\/04\/IMG_4517.jpg\"  target=\"_self\" itemprop=\"url\">\n\t\t\t\t<img decoding=\"async\" src=\"https:\/\/www.steevejosch.com\/wp-content\/uploads\/2026\/04\/IMG_4517.jpg\" alt=\"IMG_4517\" height=\"1171\" width=\"1171\" title=\"IMG_4517\" onerror=\"this.style.display='none'\" loading=\"lazy\" \/>\n\t\t\t\t<\/a>\n\t<\/figure>\n<figure data-animation-delay=\"0\" data-animation-duration=\"1\" itemscope itemtype=\"https:\/\/schema.org\/ImageObject\">\n\t\t\t\t<a href=\"https:\/\/www.steevejosch.com\/wp-content\/uploads\/2026\/04\/Capture-decran-2026-04-06-020301.png\"  target=\"_self\" itemprop=\"url\">\n\t\t\t\t<img decoding=\"async\" src=\"http:\/\/www.steevejosch.com\/wp-content\/uploads\/2026\/04\/Capture-decran-2026-04-06-020301.png\" alt=\"Capture d&#039;\u00e9cran 2026-04-06 020301\" title=\"Capture d&#039;\u00e9cran 2026-04-06 020301\" onerror=\"this.style.display='none'\" loading=\"lazy\" \/>\n\t\t\t\t<\/a>\n\t<\/figure>\n\t\t\t<a href=\"https:\/\/www.steevejosch.com\/index.php\/grossesse\/\"  target=\"_self\">\n\t\t\t\t\t\t\tD\u00e9couvrir la galerie compl\u00e8te\n\t\t\t\t\t<\/a>\n\n\t<h3>Immortalisez la magie de votre grossesse et les premiers instants de b\u00e9b\u00e9.<\/h3>\n\t<h3><img loading=\"lazy\" decoding=\"async\" src=\"http:\/\/www.steevejosch.com\/wp-content\/uploads\/2026\/04\/logo-dessin-300x300.png\" alt=\"\" width=\"300\" height=\"300\" \/><\/h3>\n<h3><img decoding=\"async\" role=\"img\" draggable=\"false\" src=\"https:\/\/s.w.org\/images\/core\/emoji\/17.0.2\/svg\/2728.svg\" alt=\"\u2728\" \/> Pack Grossesse &amp; Naissance<\/h3>\n<hr \/>\n<h3>580 \u20ac\u00a0 490 \u20ac <\/h3>\n<h3>Ce forfait comprend :<\/h3>\n<p>&nbsp;<\/p>\n<ul>\n<li>\n<h4>S\u00e9ance photo grossesse<\/h4>\n<\/li>\n<li data-section-id=\"l8ocz9\" data-start=\"585\" data-end=\"632\">\n<h4>S\u00e9ance photo nouveau-n\u00e9<\/h4>\n<\/li>\n<li data-section-id=\"lt8xvm\" data-start=\"633\" data-end=\"670\">\n<h4>30 photos retouch\u00e9es avec soin pour chaque s\u00e9ance<\/h4>\n<\/li>\n<li>\n<h4>Plusieurs fonds et styles de lumi\u00e8res\/ambiances<\/h4>\n<\/li>\n<li data-section-id=\"1dhi2do\" data-start=\"671\" data-end=\"712\">\n<h4>Livraison en fichiers HD via lien priv\u00e9 (t\u00e9l\u00e9chargement)<\/h4>\n<\/li>\n<\/ul>\n<h5><img decoding=\"async\" role=\"img\" draggable=\"false\" src=\"https:\/\/s.w.org\/images\/core\/emoji\/17.0.2\/svg\/1f449.svg\" alt=\"\ud83d\udc49\" \/> <em data-start=\"1763\" data-end=\"1842\">La majorit\u00e9 des parents choisissent cette formule plus compl\u00e8te.<\/em><\/h5>\n\t<h3><img loading=\"lazy\" decoding=\"async\" src=\"http:\/\/www.steevejosch.com\/wp-content\/uploads\/2026\/04\/logo-blanc-1-300x300.png\" alt=\"\" width=\"300\" height=\"300\" \/><\/h3>\n<h3>S\u00e9ance Grossesse OU Naissance<\/h3>\n<hr \/>\n<h3>290 \u20ac<\/h3>\n<h3>Ce forfait comprend :<\/h3>\n<p>&nbsp;<\/p>\n<ul>\n<li data-section-id=\"1jgezv7\" data-start=\"290\" data-end=\"324\">\n<h4>30 photos retouch\u00e9es avec soin<\/h4>\n<\/li>\n<li data-section-id=\"1jgezv7\" data-start=\"290\" data-end=\"324\">\n<h4>Plusieurs fonds et styles de lumi\u00e8res\/ambiances<\/h4>\n<\/li>\n<li data-section-id=\"1ss4tj7\" data-start=\"325\" data-end=\"394\">\n<h4>Livraison en fichiers HD via lien priv\u00e9 (t\u00e9l\u00e9chargement)<\/h4>\n<\/li>\n<\/ul>\n<h5><strong>\u00a0 \u00a0 \u00a0 \u00a0 \u00a0 <\/strong><\/h5>\n<h5><strong>\u00a0 \u00a0 \u00a0 \u00a0 \u00a0 \u00a0 \u00a0 \u00a0 \u00a0\u00a0<\/strong><\/h5>\n\t<h3>\u2728Options<\/h3>\n<ul>\n<li>\n<h3>Photo suppl\u00e9mentaire : +10\u20ac<\/h3>\n<\/li>\n<li>\n<h3>Maquilleuse professionnelle : sur devis<\/h3>\n<\/li>\n<li>\n<h3>Livraison express (48h) : +40\u20ac<\/h3>\n<\/li>\n<li>\n<h3>Tirages\u00a0 sp\u00e9ciaux (alu ,plexi etc.) \u00e0 partir de 25\u20ac.<\/h3>\n<\/li>\n<\/ul>\n\t<h3 data-section-id=\"14d8fcw\" data-start=\"561\" data-end=\"604\"><\/h3>\n<h2 data-section-id=\"14d8fcw\" data-start=\"561\" data-end=\"604\"><strong>Une exp\u00e9rience unique et sur-mesure.<\/strong><\/h2>\n<ul data-start=\"830\" data-end=\"1030\">\n<li data-section-id=\"11k2p64\" data-start=\"830\" data-end=\"863\">\n<h5>Je mets un point d'honneur \u00e0 travailler la lumi\u00e8re pour mettre en valeur votre corps, votre b\u00e9b\u00e9, votre famille.<\/h5>\n<\/li>\n<li data-section-id=\"eoaxws\" data-start=\"864\" data-end=\"909\">\n<h5>Nous choisissons ensemble les fonds sobres ou d\u00e9grad\u00e9s selon vos envies.<\/h5>\n<\/li>\n<li data-section-id=\"6x93pt\" data-start=\"980\" data-end=\"1030\">\n<h5>Le tout dans une ambiance calme et s\u00e9curis\u00e9e pour vous et votre b\u00e9b\u00e9.<\/h5>\n<\/li>\n<\/ul>\n<h3 data-section-id=\"59p6pj\" data-start=\"1047\" data-end=\"1059\">Dur\u00e9e<\/h3>\n<h3>La s\u00e9ance dure en moyenne 1h30 \u00e0 2 heures. Le temps n\u00e9cessaire pour varier les ambiances et obtenir le meilleur rendu. La dur\u00e9e reste flexible pour s'adapter \u00e0 votre rythme et celui de b\u00e9b\u00e9<\/h3>\n<h3 data-section-id=\"1seihwe\" data-start=\"1212\" data-end=\"1236\">Option maquillage<\/h3>\n<h3>Pour un rendu encore plus professionnel, vous avez la possibilit\u00e9 d'ajouter une maquilleuse professionnelle en option.<\/h3>\n\t<h1>R\u00e9servez votre s\u00e9ance<br \/>\nLes cr\u00e9neaux se remplissent vite !<\/h1>\n<h1> Pensez \u00e0 r\u00e9server votre s\u00e9ance !<\/h1>\n<h1><img decoding=\"async\" role=\"img\" draggable=\"false\" src=\"https:\/\/s.w.org\/images\/core\/emoji\/17.0.2\/svg\/1f4e9.svg\" alt=\"\ud83d\udce9\" \/> Contactez-moi pour planifier un RDV :<\/h1>\n<h1><a href=\"https:\/\/www.steevejosch.com\/index.php\/contact\/\">Par mail via ce formulaire.<\/a><\/h1>\n<h1>Ou par t\u00e9l\u00e9phone au 06 72 22 74 39<\/h1>\n\t\t\t<a href=\"https:\/\/www.steevejosch.com\/index.php\/contact\/\"  target=\"_self\">\n\t\t\t\t\t\t\tContactez-moi\n\t\t\t\t\t<\/a>\n<h2>\n\t\t\t\ud83c\udf81 Bon cadeau Grossesse & Nouveau-n\u00e9\t<\/h2>\n\t<h3>Offrez ce pack \u00e0 un proche pour c\u00e9l\u00e9brer la grossesse ou la naissance.<\/h3>\n<figure data-animation-delay=\"0\" data-animation-duration=\"1\" itemscope itemtype=\"https:\/\/schema.org\/ImageObject\">\n\t\t\t\t<img decoding=\"async\" src=\"http:\/\/www.steevejosch.com\/wp-content\/uploads\/2026\/04\/Black-and-White-Monochrome-Photo-Collage-Motivational-Desktop-Wallpaper-1536x864.jpg\" alt=\"Black and White Monochrome Photo Collage Motivational Desktop Wallpaper\" title=\"Black and White Monochrome Photo Collage Motivational Desktop Wallpaper\" onerror=\"this.style.display='none'\" loading=\"lazy\" \/>\n\t<\/figure>\n\t\n<h3>Bon digital ou imprim\u00e9<\/h3>\n<h3>Valable 12 mois<\/h3>\n<h3>Possibilit\u00e9 d'option maquillage et livraison express<\/h3>\n<figure itemscope itemtype=\"https:\/\/schema.org\/ImageObject\">\n\t\t\t\t<a href=\"https:\/\/www.steevejosch.com\/wp-content\/uploads\/2026\/04\/E5A5344-1-copie.jpg\"  target=\"_self\" itemprop=\"url\">\n\t\t\t\t<img decoding=\"async\" src=\"http:\/\/www.steevejosch.com\/wp-content\/uploads\/2026\/04\/E5A5344-1-copie.jpg\" alt=\"_E5A5344 (1) copie\" title=\"_E5A5344 (1) copie\" onerror=\"this.style.display='none'\" loading=\"lazy\" \/>\n\t\t\t\t<\/a>\n\t<\/figure>\n<figure itemscope itemtype=\"https:\/\/schema.org\/ImageObject\">\n\t\t\t\t<a href=\"https:\/\/www.steevejosch.com\/wp-content\/uploads\/2026\/04\/Famille-30.jpg-nggid03545-ngg0dyn-1077x723x100-00f0w010c010r110f110r010t010.jpg\"  target=\"_self\" itemprop=\"url\">\n\t\t\t\t<img decoding=\"async\" src=\"https:\/\/www.steevejosch.com\/wp-content\/uploads\/2026\/04\/Famille-30.jpg-nggid03545-ngg0dyn-1077x723x100-00f0w010c010r110f110r010t010.jpg\" alt=\"Famille-30.jpg-nggid03545-ngg0dyn-1077x723x100-00f0w010c010r110f110r010t010\" height=\"723\" width=\"1077\" title=\"Famille-30.jpg-nggid03545-ngg0dyn-1077x723x100-00f0w010c010r110f110r010t010\" onerror=\"this.style.display='none'\" loading=\"lazy\" \/>\n\t\t\t\t<\/a>\n\t<\/figure>\n<figure itemscope itemtype=\"https:\/\/schema.org\/ImageObject\">\n\t\t\t\t<a href=\"https:\/\/www.steevejosch.com\/wp-content\/uploads\/2026\/04\/MG_8757.jpg\"  target=\"_self\" itemprop=\"url\">\n\t\t\t\t<img decoding=\"async\" src=\"https:\/\/www.steevejosch.com\/wp-content\/uploads\/2026\/04\/MG_8757.jpg\" alt=\"_MG_8757\" height=\"1344\" width=\"2016\" title=\"_MG_8757\" onerror=\"this.style.display='none'\" loading=\"lazy\" \/>\n\t\t\t\t<\/a>\n\t<\/figure>\n<figure itemscope itemtype=\"https:\/\/schema.org\/ImageObject\">\n\t\t\t\t<a href=\"https:\/\/www.steevejosch.com\/wp-content\/uploads\/2026\/04\/E5A9885-Copie.jpg-nggid0518118-ngg0dyn-800x1200x100-00f0w010c010r110f110r010t010.jpg\"  target=\"_self\" itemprop=\"url\">\n\t\t\t\t<img decoding=\"async\" src=\"http:\/\/www.steevejosch.com\/wp-content\/uploads\/2026\/04\/E5A9885-Copie.jpg-nggid0518118-ngg0dyn-800x1200x100-00f0w010c010r110f110r010t010.jpg\" alt=\"E5A9885-Copie.jpg-nggid0518118-ngg0dyn-800x1200x100-00f0w010c010r110f110r010t010\" title=\"E5A9885-Copie.jpg-nggid0518118-ngg0dyn-800x1200x100-00f0w010c010r110f110r010t010\" onerror=\"this.style.display='none'\" loading=\"lazy\" \/>\n\t\t\t\t<\/a>\n\t<\/figure>\n<figure itemscope itemtype=\"https:\/\/schema.org\/ImageObject\">\n\t\t\t\t<a href=\"https:\/\/www.steevejosch.com\/wp-content\/uploads\/2026\/04\/Capture-decran-2026-04-06-020327.png\"  target=\"_self\" itemprop=\"url\">\n\t\t\t\t<img decoding=\"async\" src=\"https:\/\/www.steevejosch.com\/wp-content\/uploads\/2026\/04\/Capture-decran-2026-04-06-020327.png\" alt=\"Capture d&#039;\u00e9cran 2026-04-06 020327\" height=\"875\" width=\"1281\" title=\"Capture d&#039;\u00e9cran 2026-04-06 020327\" onerror=\"this.style.display='none'\" loading=\"lazy\" \/>\n\t\t\t\t<\/a>\n\t<\/figure>\n<figure itemscope itemtype=\"https:\/\/schema.org\/ImageObject\">\n\t\t\t\t<a href=\"https:\/\/www.steevejosch.com\/wp-content\/uploads\/2026\/04\/E5A9901-Copie.jpg-nggid0518116-ngg0dyn-1200x800x100-00f0w010c010r110f110r010t010.jpg\"  target=\"_self\" itemprop=\"url\">\n\t\t\t\t<img decoding=\"async\" src=\"https:\/\/www.steevejosch.com\/wp-content\/uploads\/2026\/04\/E5A9901-Copie.jpg-nggid0518116-ngg0dyn-1200x800x100-00f0w010c010r110f110r010t010.jpg\" alt=\"E5A9901-Copie.jpg-nggid0518116-ngg0dyn-1200x800x100-00f0w010c010r110f110r010t010\" height=\"800\" width=\"1200\" title=\"E5A9901-Copie.jpg-nggid0518116-ngg0dyn-1200x800x100-00f0w010c010r110f110r010t010\" onerror=\"this.style.display='none'\" loading=\"lazy\" \/>\n\t\t\t\t<\/a>\n\t<\/figure>\n\t\t\t<a href=\"https:\/\/www.steevejosch.com\/index.php\/grossesse\/\"  target=\"_self\">\n\t\t\t\t\t\t\tD\u00e9couvrir la galerie compl\u00e8te\n\t\t\t\t\t<\/a>\n<h2  data-animation-delay=\"0\" data-animation-duration=\"1\">\n\t\t<a href=\"http:\/\/www.steevejosch.com\/index.php\/contact\/\" title=\"Vous avez des questions ?\"  target=\"_self\">\n\t\t\t<strong>Vous avez des questions ?\t\t<\/strong><\/a>\n\t<\/h2>\n\t\t\t<a href=\"https:\/\/www.steevejosch.com\/index.php\/contact\/\"  target=\"_self\">\n\t\t\t\t\t\t\tContactez-moi\n\t\t\t\t\t<\/a>\n\t<h2><strong>Je reste \u00e0 votre disposition pour toute question suppl\u00e9mentaire.<\/strong><br \/>\n<strong>  Organisons une rencontre ou un appel !<\/strong><br \/>\n<strong>  \u00c0 bient\u00f4t !<\/strong><\/h2>\n\t<p>Photographe professionnel situ\u00e9 \u00e0 Brumath \u00e0 15 minutes de Strasbourg, sp\u00e9cialis\u00e9 dans les s\u00e9ances portraits, corporate, produits, mode, grossesse, naissance, famille, mariages, reportages, packshots, immobilier.<\/p>\n<p>Vid\u00e9aste professionnel situ\u00e9 \u00e0 Brumath \u00e0 15 minutes de Strasbourg, sp\u00e9cialis\u00e9 dans les videos promotionelles et clip.<\/p>\n\n<\/div><\/div>","protected":false},"excerpt":{"rendered":"<p>D\u00e9couvrir la galerie compl\u00e8te Immortalisez la magie de votre grossesse et les premiers instants de b\u00e9b\u00e9. Pack Grossesse &amp; Naissance 580 \u20ac\u00a0 490 \u20ac Ce forfait comprend : &nbsp; S\u00e9ance photo grossesse S\u00e9ance photo nouveau-n\u00e9 30 photos retouch\u00e9es avec soin pour chaque s\u00e9ance Plusieurs fonds et styles de lumi\u00e8res\/ambiances Livraison en fichiers HD via lien ...<\/p>\n","protected":false},"author":1,"featured_media":0,"parent":0,"menu_order":0,"comment_status":"closed","ping_status":"closed","template":"","meta":{"ngg_post_thumbnail":0,"footnotes":""},"class_list":["post-75540","page","type-page","status-publish","hentry"],"_links":{"self":[{"href":"https:\/\/www.steevejosch.com\/index.php\/wp-json\/wp\/v2\/pages\/75540","targetHints":{"allow":["GET"]}}],"collection":[{"href":"https:\/\/www.steevejosch.com\/index.php\/wp-json\/wp\/v2\/pages"}],"about":[{"href":"https:\/\/www.steevejosch.com\/index.php\/wp-json\/wp\/v2\/types\/page"}],"author":[{"embeddable":true,"href":"https:\/\/www.steevejosch.com\/index.php\/wp-json\/wp\/v2\/users\/1"}],"replies":[{"embeddable":true,"href":"https:\/\/www.steevejosch.com\/index.php\/wp-json\/wp\/v2\/comments?post=75540"}],"version-history":[{"count":17,"href":"https:\/\/www.steevejosch.com\/index.php\/wp-json\/wp\/v2\/pages\/75540\/revisions"}],"predecessor-version":[{"id":75689,"href":"https:\/\/www.steevejosch.com\/index.php\/wp-json\/wp\/v2\/pages\/75540\/revisions\/75689"}],"wp:attachment":[{"href":"https:\/\/www.steevejosch.com\/index.php\/wp-json\/wp\/v2\/media?parent=75540"}],"curies":[{"name":"wp","href":"https:\/\/api.w.org\/{rel}","templated":true}]}}