{"id":75697,"date":"2026-04-08T04:26:22","date_gmt":"2026-04-08T02:26:22","guid":{"rendered":"https:\/\/www.steevejosch.com\/?page_id=75697"},"modified":"2026-04-09T00:31:50","modified_gmt":"2026-04-08T22:31:50","slug":"tarifs-polas","status":"publish","type":"page","link":"https:\/\/www.steevejosch.com\/index.php\/tarifs-polas\/","title":{"rendered":"Tarifs Polas"},"content":{"rendered":"<div id=\"dslc-theme-content\"><div id=\"dslc-theme-content-inner\">\n<h1>\n\t\t\tPolas Mannequin Strasbourg - S\u00e9ance agence 50\u20ac | Photos naturelles\t<\/h1>\n\t<h2>S\u00e9ance polas mannequin \u00e0 15 minutes de Strasbourg. Photos naturelles sans retouche conformes aux attentes des agences. Tarif simple : 50\u20ac.<\/h2>\n\t\n<h1 data-section-id=\"1l2095l\" data-start=\"294\" data-end=\"329\">Polas agences \u00e0 15 minutes de Strasbourg<\/h1>\n<h3 data-start=\"331\" data-end=\"462\">Des photos simples, propres, efficaces.<br data-start=\"737\" data-end=\"740\" \/>Celles que les agences attendent vraiment.<\/h3>\n<p>&nbsp;<\/p>\n<h1>S\u00e9ance Polas : 50\u20ac<\/h1>\n\t\t\t<a href=\"http:\/\/www.steevejosch.com\/index.php\/contact\/\"  target=\"_self\">\n\t\t\t\t\t\t\tR\u00e9servez maintenant\n\t\t\t\t\t<\/a>\n\t<h3>EXEMPLES DE POLAS<\/h3>\n<figure data-animation-delay=\"0\" data-animation-duration=\"1\" itemscope itemtype=\"https:\/\/schema.org\/ImageObject\">\n\t\t\t\t<a href=\"https:\/\/www.steevejosch.com\/wp-content\/uploads\/2026\/04\/pola-27.jpg\"  target=\"_self\" itemprop=\"url\">\n\t\t\t\t<img decoding=\"async\" src=\"http:\/\/www.steevejosch.com\/wp-content\/uploads\/2026\/04\/pola-27.jpg\" alt=\"pola (27)\" title=\"pola (27)\" onerror=\"this.style.display='none'\" loading=\"lazy\" \/>\n\t\t\t\t<\/a>\n\t<\/figure>\n<figure data-animation-delay=\"0\" data-animation-duration=\"1\" itemscope itemtype=\"https:\/\/schema.org\/ImageObject\">\n\t\t\t\t<a href=\"https:\/\/www.steevejosch.com\/wp-content\/uploads\/2026\/04\/pola-17.jpg\"  target=\"_self\" itemprop=\"url\">\n\t\t\t\t<img decoding=\"async\" src=\"http:\/\/www.steevejosch.com\/wp-content\/uploads\/2026\/04\/pola-17.jpg\" alt=\"pola (17)\" title=\"pola (17)\" onerror=\"this.style.display='none'\" loading=\"lazy\" \/>\n\t\t\t\t<\/a>\n\t<\/figure>\n<figure data-animation-delay=\"0\" data-animation-duration=\"1\" itemscope itemtype=\"https:\/\/schema.org\/ImageObject\">\n\t\t\t\t<a href=\"https:\/\/www.steevejosch.com\/wp-content\/uploads\/2026\/04\/pola-31.jpg\"  target=\"_self\" itemprop=\"url\">\n\t\t\t\t<img decoding=\"async\" src=\"http:\/\/www.steevejosch.com\/wp-content\/uploads\/2026\/04\/pola-31.jpg\" alt=\"pola (31)\" title=\"pola (31)\" onerror=\"this.style.display='none'\" loading=\"lazy\" \/>\n\t\t\t\t<\/a>\n\t<\/figure>\n<figure data-animation-delay=\"0\" data-animation-duration=\"1\" itemscope itemtype=\"https:\/\/schema.org\/ImageObject\">\n\t\t\t\t<a href=\"https:\/\/www.steevejosch.com\/wp-content\/uploads\/2026\/04\/pola-23.jpg\"  target=\"_self\" itemprop=\"url\">\n\t\t\t\t<img decoding=\"async\" src=\"http:\/\/www.steevejosch.com\/wp-content\/uploads\/2026\/04\/pola-23.jpg\" alt=\"pola (23)\" title=\"pola (23)\" onerror=\"this.style.display='none'\" loading=\"lazy\" \/>\n\t\t\t\t<\/a>\n\t<\/figure>\n<figure data-animation-delay=\"0\" data-animation-duration=\"1\" itemscope itemtype=\"https:\/\/schema.org\/ImageObject\">\n\t\t\t\t<a href=\"https:\/\/www.steevejosch.com\/wp-content\/uploads\/2026\/04\/pola-35.jpg\"  target=\"_self\" itemprop=\"url\">\n\t\t\t\t<img decoding=\"async\" src=\"http:\/\/www.steevejosch.com\/wp-content\/uploads\/2026\/04\/pola-35.jpg\" alt=\"pola (35)\" title=\"pola (35)\" onerror=\"this.style.display='none'\" loading=\"lazy\" \/>\n\t\t\t\t<\/a>\n\t<\/figure>\n<figure data-animation-delay=\"0\" data-animation-duration=\"1\" itemscope itemtype=\"https:\/\/schema.org\/ImageObject\">\n\t\t\t\t<a href=\"https:\/\/www.steevejosch.com\/wp-content\/uploads\/2026\/04\/pola-4.jpg\"  target=\"_self\" itemprop=\"url\">\n\t\t\t\t<img decoding=\"async\" src=\"http:\/\/www.steevejosch.com\/wp-content\/uploads\/2026\/04\/pola-4.jpg\" alt=\"pola (4)\" title=\"pola (4)\" onerror=\"this.style.display='none'\" loading=\"lazy\" \/>\n\t\t\t\t<\/a>\n\t<\/figure>\n\t<h3><img loading=\"lazy\" decoding=\"async\" src=\"http:\/\/www.steevejosch.com\/wp-content\/uploads\/2026\/04\/logo-noir-1-300x300.png\" alt=\"\" width=\"259\" height=\"259\" \/><\/h3>\n<h3>Polas essentiels<\/h3>\n<hr \/>\n<h3>50 \u20ac<\/h3>\n<h3>Ce forfait comprend :<\/h3>\n<p>&nbsp;<\/p>\n<ul>\n<li data-section-id=\"1jgezv7\" data-start=\"290\" data-end=\"324\">\n<h4>10 polas\u00a0 (portrait, profil, plein pied) .<\/h4>\n<\/li>\n<li data-section-id=\"1jgezv7\" data-start=\"290\" data-end=\"324\">\n<h4>Shooting rapide (environ 30 minutes)<\/h4>\n<\/li>\n<li data-section-id=\"1jgezv7\" data-start=\"290\" data-end=\"324\">\n<h4>Fond neutre blanc ou gris clair<\/h4>\n<\/li>\n<li data-section-id=\"1ss4tj7\" data-start=\"325\" data-end=\"394\">\n<h4>Livraison en fichiers HD couleur et N&amp;B\u00a0via lien priv\u00e9 (t\u00e9l\u00e9chargement)<\/h4>\n<\/li>\n<\/ul>\n<h5><strong>\u00a0 \u00a0 \u00a0 \u00a0 \u00a0<\/strong><\/h5>\n\t<h3><img loading=\"lazy\" decoding=\"async\" src=\"http:\/\/www.steevejosch.com\/wp-content\/uploads\/2026\/04\/logo-blanc-1-300x300.png\" alt=\"\" width=\"259\" height=\"259\" \/><\/h3>\n<h3>Polas premium<\/h3>\n<hr \/>\n<h3>90 \u20ac<\/h3>\n<h3>Ce forfait comprend :<\/h3>\n<p>&nbsp;<\/p>\n<ul>\n<li data-section-id=\"1jgezv7\" data-start=\"290\" data-end=\"324\">\n<h4>20 polas\u00a0 (portrait, profil, plein pied) .<\/h4>\n<\/li>\n<li data-section-id=\"1jgezv7\" data-start=\"290\" data-end=\"324\">\n<h4>Plus de temps (1h)<\/h4>\n<\/li>\n<li data-section-id=\"1jgezv7\" data-start=\"290\" data-end=\"324\">\n<h4>Plus de variations<\/h4>\n<\/li>\n<li data-section-id=\"1jgezv7\" data-start=\"290\" data-end=\"324\">\n<h4>Fond neutre blanc ou gris clair<\/h4>\n<\/li>\n<li data-section-id=\"1jgezv7\" data-start=\"290\" data-end=\"324\">\n<h4>S\u00e9lection optimis\u00e9e pour agences<\/h4>\n<\/li>\n<li data-section-id=\"1ss4tj7\" data-start=\"325\" data-end=\"394\">\n<h4>Livraison en fichiers HD couleur et N&amp;B via lien priv\u00e9 (t\u00e9l\u00e9chargement<\/h4>\n<\/li>\n<\/ul>\n<h5><strong>\u00a0 \u00a0 \u00a0 \u00a0 \u00a0<\/strong><\/h5>\n\t\t\t<a href=\"http:\/\/www.steevejosch.com\/index.php\/contact\/\"  target=\"_self\">\n\t\t\t\t\t\t\tR\u00e9servez maintenant\n\t\t\t\t\t<\/a>\n\t<h1>Pourquoi faire des polas en studio ?<\/h1>\n<h3>Faire ses polas seul, c'est possible.<\/h3>\n<p>&nbsp;<\/p>\n<h4>Mais en pratique, beaucoup de candidatures sont refus\u00e9es pour des raisons simples :<\/h4>\n<p>&nbsp;<\/p>\n<ul>\n<li>\n<h4>mauvaise lumi\u00e8re<\/h4>\n<\/li>\n<li>\n<h4>cadrage approximatif<\/h4>\n<\/li>\n<li>\n<h4>photos trop retouch\u00e9es<\/h4>\n<\/li>\n<\/ul>\n<h4>Une s\u00e9ance pro permet d'avoir directement des images conformes et exploitables.<\/h4>\n\t\t\t<a href=\"http:\/\/www.steevejosch.com\/index.php\/contact\/\"  target=\"_self\">\n\t\t\t\t\t\t\tR\u00e9servez maintenant\n\t\t\t\t\t<\/a>\n<figure data-animation-delay=\"0\" data-animation-duration=\"1\" itemscope itemtype=\"https:\/\/schema.org\/ImageObject\">\n\t\t\t\t<a href=\"https:\/\/www.steevejosch.com\/wp-content\/uploads\/2026\/04\/pola-10.jpg\"  target=\"_self\" itemprop=\"url\">\n\t\t\t\t<img decoding=\"async\" src=\"http:\/\/www.steevejosch.com\/wp-content\/uploads\/2026\/04\/pola-10.jpg\" alt=\"pola (10)\" title=\"pola (10)\" onerror=\"this.style.display='none'\" loading=\"lazy\" \/>\n\t\t\t\t<\/a>\n\t<\/figure>\n<figure data-animation-delay=\"0\" data-animation-duration=\"1\" itemscope itemtype=\"https:\/\/schema.org\/ImageObject\">\n\t\t\t\t<a href=\"https:\/\/www.steevejosch.com\/wp-content\/uploads\/2026\/04\/pola-29.jpg\"  target=\"_self\" itemprop=\"url\">\n\t\t\t\t<img decoding=\"async\" src=\"http:\/\/www.steevejosch.com\/wp-content\/uploads\/2026\/04\/pola-29.jpg\" alt=\"pola (29)\" title=\"pola (29)\" onerror=\"this.style.display='none'\" loading=\"lazy\" \/>\n\t\t\t\t<\/a>\n\t<\/figure>\n<figure data-animation-delay=\"0\" data-animation-duration=\"1\" itemscope itemtype=\"https:\/\/schema.org\/ImageObject\">\n\t\t\t\t<a href=\"https:\/\/www.steevejosch.com\/wp-content\/uploads\/2026\/04\/pola-32.jpg\"  target=\"_self\" itemprop=\"url\">\n\t\t\t\t<img decoding=\"async\" src=\"http:\/\/www.steevejosch.com\/wp-content\/uploads\/2026\/04\/pola-32.jpg\" alt=\"pola (32)\" title=\"pola (32)\" onerror=\"this.style.display='none'\" loading=\"lazy\" \/>\n\t\t\t\t<\/a>\n\t<\/figure>\n<figure data-animation-delay=\"0\" data-animation-duration=\"1\" itemscope itemtype=\"https:\/\/schema.org\/ImageObject\">\n\t\t\t\t<a href=\"https:\/\/www.steevejosch.com\/wp-content\/uploads\/2026\/04\/pola-16.jpg\"  target=\"_self\" itemprop=\"url\">\n\t\t\t\t<img decoding=\"async\" src=\"http:\/\/www.steevejosch.com\/wp-content\/uploads\/2026\/04\/pola-16.jpg\" alt=\"pola (16)\" title=\"pola (16)\" onerror=\"this.style.display='none'\" loading=\"lazy\" \/>\n\t\t\t\t<\/a>\n\t<\/figure>\n<figure data-animation-delay=\"0\" data-animation-duration=\"1\" itemscope itemtype=\"https:\/\/schema.org\/ImageObject\">\n\t\t\t\t<a href=\"https:\/\/www.steevejosch.com\/wp-content\/uploads\/2026\/04\/pola-13.jpg\"  target=\"_self\" itemprop=\"url\">\n\t\t\t\t<img decoding=\"async\" src=\"http:\/\/www.steevejosch.com\/wp-content\/uploads\/2026\/04\/pola-13.jpg\" alt=\"pola (13)\" title=\"pola (13)\" onerror=\"this.style.display='none'\" loading=\"lazy\" \/>\n\t\t\t\t<\/a>\n\t<\/figure>\n<figure data-animation-delay=\"0\" data-animation-duration=\"1\" itemscope itemtype=\"https:\/\/schema.org\/ImageObject\">\n\t\t\t\t<a href=\"https:\/\/www.steevejosch.com\/wp-content\/uploads\/2026\/04\/pola-3.jpg\"  target=\"_self\" itemprop=\"url\">\n\t\t\t\t<img decoding=\"async\" src=\"http:\/\/www.steevejosch.com\/wp-content\/uploads\/2026\/04\/pola-3.jpg\" alt=\"pola (3)\" title=\"pola (3)\" onerror=\"this.style.display='none'\" loading=\"lazy\" \/>\n\t\t\t\t<\/a>\n\t<\/figure>\n\t<h1>Aller plus loin ?<\/h1>\n<h3>Les polas sont une base.<\/h3>\n<h3>Mais pour d\u00e9velopper ton image, ton book ou ton activit\u00e9, une s\u00e9ance plus compl\u00e8te peut faire la diff\u00e9rence.<\/h3>\n<p>&nbsp;<\/p>\n<h1 data-section-id=\"ty06y2\" data-start=\"1217\" data-end=\"1244\">Shooting Book Mannequin<\/h1>\n<h3 data-start=\"1245\" data-end=\"1310\">Images plus travaill\u00e9es, vari\u00e9es, adapt\u00e9es aux agences et r\u00e9seaux<\/h3>\n<figure itemscope itemtype=\"https:\/\/schema.org\/ImageObject\">\n\t\t\t\t<img decoding=\"async\" src=\"http:\/\/www.steevejosch.com\/wp-content\/uploads\/2026\/04\/202300532-copie-2-200x300.jpg\" alt=\"202300532 copie (2)\" title=\"202300532 copie (2)\" onerror=\"this.style.display='none'\" loading=\"lazy\" \/>\n\t<\/figure>\n<figure itemscope itemtype=\"https:\/\/schema.org\/ImageObject\">\n\t\t\t\t<img decoding=\"async\" src=\"http:\/\/www.steevejosch.com\/wp-content\/uploads\/2026\/04\/4E5A9836-copie-2-200x300.jpg\" alt=\"4E5A9836 copie (2)\" title=\"4E5A9836 copie (2)\" onerror=\"this.style.display='none'\" loading=\"lazy\" \/>\n\t<\/figure>\n<figure itemscope itemtype=\"https:\/\/schema.org\/ImageObject\">\n\t\t\t\t<img decoding=\"async\" src=\"http:\/\/www.steevejosch.com\/wp-content\/uploads\/2026\/04\/IMG_9498-2-Copie-200x300.jpg\" alt=\"IMG_9498 (2) - Copie\" title=\"IMG_9498 (2) - Copie\" onerror=\"this.style.display='none'\" loading=\"lazy\" \/>\n\t<\/figure>\n<figure itemscope itemtype=\"https:\/\/schema.org\/ImageObject\">\n\t\t\t\t<img decoding=\"async\" src=\"http:\/\/www.steevejosch.com\/wp-content\/uploads\/2026\/04\/4E5A6439-200x300.jpg\" alt=\"4E5A6439\" title=\"4E5A6439\" onerror=\"this.style.display='none'\" loading=\"lazy\" \/>\n\t<\/figure>\n<figure itemscope itemtype=\"https:\/\/schema.org\/ImageObject\">\n\t\t\t\t<img decoding=\"async\" src=\"http:\/\/www.steevejosch.com\/wp-content\/uploads\/2026\/04\/4E5A3845-Copie-200x300.jpg\" alt=\"4E5A3845 - Copie\" title=\"4E5A3845 - Copie\" onerror=\"this.style.display='none'\" loading=\"lazy\" \/>\n\t<\/figure>\n<figure itemscope itemtype=\"https:\/\/schema.org\/ImageObject\">\n\t\t\t\t<img decoding=\"async\" src=\"http:\/\/www.steevejosch.com\/wp-content\/uploads\/2026\/04\/E5A5266-3-200x300.jpg\" alt=\"_E5A5266 3\" title=\"_E5A5266 3\" onerror=\"this.style.display='none'\" loading=\"lazy\" \/>\n\t<\/figure>\n\t\t\t<a href=\"https:\/\/www.steevejosch.com\/index.php\/tarifs-shooting\/\"  target=\"_self\">\n\t\t\t\t\t\t\tD\u00e9couvrir les s\u00e9ances\n\t\t\t\t\t<\/a>\n\t<h1 data-section-id=\"vo48yt\" data-start=\"1459\" data-end=\"1480\">Vous avez des questions ?<\/h1>\n<h3 data-start=\"1482\" data-end=\"1552\">Je reste \u00e0 votre disposition pour toute question suppl\u00e9mentaire<\/h3>\n<h3><img decoding=\"async\" role=\"img\" draggable=\"false\" src=\"https:\/\/s.w.org\/images\/core\/emoji\/17.0.2\/svg\/1f4e9.svg\" alt=\"\ud83d\udce9\" \/> Contactez-moi pour planifier un RDV :<\/h3>\n<h1><a href=\"https:\/\/www.steevejosch.com\/index.php\/contact\/\">Par mail via ce formulaire.<\/a><\/h1>\n<h1>Ou par t\u00e9l\u00e9phone au 06 72 22 74 39<\/h1>\n\t\t\t<a href=\"http:\/\/www.steevejosch.com\/index.php\/contact\/\"  target=\"_self\">\n\t\t\t\t\t\tCliquez ici\n\t\t\t\t\t<\/a>\n\t<p>Photographe professionnel situ\u00e9 \u00e0 Brumath \u00e0 15 minutes de Strasbourg, sp\u00e9cialis\u00e9 dans les s\u00e9ances portraits, corporate, produits, mode, grossesse, naissance, famille, mariages, reportages, packshots, immobilier.<\/p>\n<p>Vid\u00e9aste professionnel situ\u00e9 \u00e0 Brumath \u00e0 15 minutes de Strasbourg, sp\u00e9cialis\u00e9 dans les videos promotionelles et clip.<\/p>\n\n<\/div><\/div>","protected":false},"excerpt":{"rendered":"<p>Polas Mannequin Strasbourg - S\u00e9ance agence 50\u20ac | Photos naturelles S\u00e9ance polas mannequin \u00e0 15 minutes de Strasbourg. Photos naturelles sans retouche conformes aux attentes des agences. Tarif simple : 50\u20ac. Polas agences \u00e0 15 minutes de Strasbourg Des photos simples, propres, efficaces.Celles que les agences attendent vraiment. &nbsp; S\u00e9ance Polas : 50\u20ac R\u00e9servez maintenant ...<\/p>\n","protected":false},"author":1,"featured_media":0,"parent":0,"menu_order":0,"comment_status":"closed","ping_status":"closed","template":"","meta":{"ngg_post_thumbnail":0,"footnotes":""},"class_list":["post-75697","page","type-page","status-publish","hentry"],"_links":{"self":[{"href":"https:\/\/www.steevejosch.com\/index.php\/wp-json\/wp\/v2\/pages\/75697","targetHints":{"allow":["GET"]}}],"collection":[{"href":"https:\/\/www.steevejosch.com\/index.php\/wp-json\/wp\/v2\/pages"}],"about":[{"href":"https:\/\/www.steevejosch.com\/index.php\/wp-json\/wp\/v2\/types\/page"}],"author":[{"embeddable":true,"href":"https:\/\/www.steevejosch.com\/index.php\/wp-json\/wp\/v2\/users\/1"}],"replies":[{"embeddable":true,"href":"https:\/\/www.steevejosch.com\/index.php\/wp-json\/wp\/v2\/comments?post=75697"}],"version-history":[{"count":4,"href":"https:\/\/www.steevejosch.com\/index.php\/wp-json\/wp\/v2\/pages\/75697\/revisions"}],"predecessor-version":[{"id":75752,"href":"https:\/\/www.steevejosch.com\/index.php\/wp-json\/wp\/v2\/pages\/75697\/revisions\/75752"}],"wp:attachment":[{"href":"https:\/\/www.steevejosch.com\/index.php\/wp-json\/wp\/v2\/media?parent=75697"}],"curies":[{"name":"wp","href":"https:\/\/api.w.org\/{rel}","templated":true}]}}